 + 2 + (-9)/(-9) composite?
True
Let t be 0/(-1) + (1 - (0 - 2)). Let y be 0 + (-97)/t + (-1)/(-3). Is ((-359)/(-4))/((-132)/y + -4) composite?
True
Let f(w) = -12*w**2 + 88 + w**3 - 149 - 23*w**2. Is f(39) composite?
True
Let b(u) = -11*u**2 - 18*u - 10. Let s(j) = -12*j**2 - 20*j - 11. Let a(d) = -6*b(d) + 5*s(d). Is a(-9) composite?
False
Let k(r) = -7*r**2 - 7*r - 23. Suppose 0 = -8*b + 16 + 32. Let g(s) = -s**2 - s - 1. Let i(j) = b*g(j) - k(j). Is i(-11) composite?
False
Let n(q) = -q**3 - 23*q**2 - 23*q - 29. Let y be n(-22). Let t = 7 + y. Suppose t = 5*m - 3829 + 264. Is m prime?
False
Let r(f) = -2*f**2 + 13*f - 11. Let i be r(9). Let y = -51 - i. Suppose 5683 = y*o - 2522. Is o a composite number?
True
Let y = 268 - 296. Let w(r) = r**2 + 30*r + 59. Is w(y) composite?
False
Let y = 1698 + -327. Let w = -132 - -93. Is 6/(-39) - y/w composite?
True
Let a(g) = 625*g + 1001. Is a(20) composite?
True
Suppose -3*r = f - 9333 - 13081, 4*f + r = 89700. Is f composite?
True
Suppose 1579850 = 5*s + 5*f, 0 = 5*s + 2*f + 446909 - 2026762. Is s a composite number?
True
Let y = 1669 - 1037. Let h = y + 3685. Is h a composite number?
True
Let n = 101 + -156. Let d = n + 35. Is (10/d)/(2/(-2292)) prime?
False
Suppose -4 = -52*z + 48*z, -z + 10212 = m. Is m a prime number?
True
Let d(o) = 1816*o**2 - 2*o. Let h be d(1). Suppose -h = -a + 3*x, 4*x + 1350 = 4*a - 5866. Is a a prime number?
False
Suppose -r = 5*h + 25, 9*h = 12*h - 2*r + 2. Let b(z) = -113*z**3 - 1. Is b(h) a prime number?
False
Suppose -5*s + 19 = 10*p - 8*p, 4*s = 3*p + 6. Is (14 + 878)*59/p - 5 composite?
False
Suppose -149866 = -2*p - 4*o, 2*p + 9*o - 149871 = 4*o. Is p a prime number?
True
Is 0 + 2 - ((-10410 - 1) + 2) a composite number?
True
Suppose 231*k - 258*k + 79531443 = 0. Is k prime?
True
Suppose -3*j + 3*h = -4512, 5*j - 3*h - 7524 = -0*j. Let r = j - 60. Suppose 3*b - 4*u - 825 = 260, 5*u + r = 4*b. Is b a prime number?
True
Suppose j + 2*o = 34180 + 2603, -2*o - 8 = 0. Let m = j + -24802. Is m a composite number?
True
Suppose 0 = -5*g + 2*g - 5310. Let m = 619 - g. Is m a composite number?
False
Let y(v) be the second derivative of -181*v**5/20 + v**4/6 - v**3/6 - v**2/2 - 2*v - 34. Is y(-3) a composite number?
True
Let z = 380580 - -74093. Is z prime?
True
Let o(s) = 114*s - 59. Suppose 143 = -4*m + 183. Is o(m) composite?
True
Let k = 11 - 62. Let u = 54 + k. Suppose -u*j = 2*j - 105. Is j a composite number?
True
Suppose -3*j - 4*v = -1199277, 3*j - 4*v = 2*j + 399727. Is j prime?
False
Let r(w) = 3*w + 50. Let q be r(-15). Suppose 4*s = 3*n - q*n + 10988, -16 = 4*n. Is s a composite number?
False
Let z = 38 + -23. Suppose 4*m = 5*d - 15, 2*m + z = -m. Is ((-2)/d)/(8/5316) a prime number?
False
Suppose -10*l = 132*l - 8329294. Is l a prime number?
True
Let j = -60063 + 155758. Is j a composite number?
True
Suppose 5*b = 4*b + v - 2, b + 4 = 3*v. Let t(i) = -498*i - 13. Let y be t(b). Is (-3 - -1)/((-2)/y) a composite number?
True
Let g(m) = -m**3 + 7*m**2 + 9*m - 3. Let f be g(8). Let u be (4/f)/((-14)/(-35)). Suppose -i - 4*r + 135 + 15 = 0, -3*r - 256 = -u*i. Is i a composite number?
True
Let b be ((-7)/(21/(-24438)))/(18/81). Suppose 252320 + b = 13*x. Is x prime?
True
Let y(x) = -131*x - 83. Suppose 94 = w + 104. Is y(w) prime?
False
Is 3*7/((-42)/(-6406)) a composite number?
False
Suppose -15*d + 157627 = -474818. Is d a prime number?
False
Let u = 4833 + 704. Suppose u = 3*w + 1778. Is w composite?
True
Let u = -587735 + 1124156. Is u prime?
False
Let z(x) = 287*x**2 - 7*x - 419. Is z(-15) a composite number?
True
Let v = -107 + 112. Suppose -5*f + 9753 = 3*y - 2*f, -v*y + 16255 = f. Is y prime?
True
Let y(k) = 284*k**2 - 11*k - 122. Is y(-5) a composite number?
True
Let i be 928201 + -5 - (-25)/(-5). Suppose -i - 437553 = -48*u. Is u prime?
False
Suppose 17*v - 37334180 = -23*v - 12*v. Is v a composite number?
True
Let j = -403685 - -567120. Is j a composite number?
True
Suppose 182*p - 261893856 = 190*p - 680*p. Is p prime?
True
Let x(k) = k**2 - 13*k + 29. Let u be x(7). Let z(w) = -67*w + 42. Is z(u) a prime number?
False
Let q(u) = 32*u**2 - 16*u + 113. Let n(d) = 63*d**2 - 31*d + 224. Let w(f) = -6*n(f) + 13*q(f). Is w(6) prime?
True
Let n(t) = 30*t**3 - 2*t**2 - 19*t + 41. Is n(8) a composite number?
False
Let i(n) = -691*n**3 + 4*n**2 - 68*n - 619. Is i(-12) a prime number?
True
Let t(p) = p**2 - 3*p - 3. Let w be t(6). Is (w - 46036)*(-2 + 0)/2 a prime number?
True
Suppose 309*a = 305*a + 2*f + 575504, -f - 431625 = -3*a. Is a composite?
False
Let f(w) be the first derivative of -w**4/4 + 6*w**3 - w**2/2 + 45*w - 45. Is f(13) a composite number?
False
Let w be (-7)/((-35)/(-10))*(-77505)/(-10). Let p = -8422 - w. Is p prime?
True
Suppose 3*a - 8*a - 26 = n, -4*a + 80 = -2*n. Let f = n + 41. Suppose -2*c + 2383 = -p, f*c + 0*p - 2*p = 5955. Is c a composite number?
True
Let m be (20 + 4)/4*(-71076)/(-9). Suppose 36*o + m = 44*o. Is o a composite number?
False
Suppose y - 12 = -4*u, -3*u + u - 3*y = -6. Suppose n - u*q - 1207 = 0, -2*n + 10*q = 5*q - 2412. Is n a composite number?
False
Suppose -10333 = -23*u + 13081. Suppose -1290 = -5*b + p, u = 4*b + 4*p - 2*p. Is b a composite number?
False
Let h = 35962 + 13564. Is h prime?
False
Let q(p) = -p**2 - 5*p - 5. Let f(j) = -5*j**2 - 26*j - 27. Let w(b) = 6*f(b) - 33*q(b). Let t be w(-14). Suppose -t = -5*u + 600. Is u composite?
True
Let d(u) = -u**2 - 8*u + 6. Let m be d(-9). Let p be m - (-14)/(-4)*-2. Suppose 394 + 610 = p*o. Is o composite?
False
Let n = 15861 - 9766. Let j = -3600 + n. Is j a composite number?
True
Suppose 4*y + 491 + 121 = 0. Suppose -11*z = -5120 + 1798. Let i = z + y. Is i prime?
True
Let g = -511750 + 726199. Is g a composite number?
True
Let q be 1 - (-23 - -20)*(-934)/(-3). Suppose -q = 7*s - 12*s. Is s prime?
False
Suppose 35*q - 1350576 - 173068 = 1943701. Is q composite?
True
Let h = 15756 + 1409. Is h prime?
False
Let m(v) = v**3 + 2*v**2 + 638. Let n be m(0). Let a = n + 2751. Is a composite?
False
Suppose 3 = 35*j - 34*j. Suppose -4*v + 12798 = -j*s + 5*s, 3*s + 2*v - 19201 = 0. Is s a prime number?
False
Let t be (-65)/1 + (10 - (-13 - -19)). Let x = t - -272. Is x composite?
False
Is (-29)/(-20) - (-6)/(-24) - 1633795/(-25) prime?
True
Let z(m) = -82525*m**3 - m**2 - 4*m + 1. Is z(-1) prime?
True
Let p be (-10)/(-4)*-2*-159. Let n(t) = -3*t**2 - 8*t + 2. Let r be n(8). Let f = p + r. Is f prime?
True
Is -19 - -10 - -13 - (-6 - 1553) a composite number?
True
Let o(q) = -7*q - 535*q**2 - 2*q + 536*q**2 + 2*q + 15. Let n be o(9). Suppose n*u - 36*u = -573. Is u a composite number?
False
Suppose 32*x + 9 = 35*x. Let h be x*8/18*(-18)/(-12). Suppose h*r = -269 + 1603. Is r composite?
True
Let v(m) = 163*m**2 - 27*m + 103. Is v(22) composite?
False
Suppose -11*g = -8*g - u - 96352, 5*u + 160590 = 5*g. Is g a composite number?
False
Suppose 50*f = -0*f - 6251406 + 25710856. Is f a composite number?
False
Is (6 + (8 - 11))*(-1448970)/(-18) composite?
True
Suppose -16 = 3*d - 22. Suppose -a - 8851 = -5*x, d*x - 5*a - 1833 = 1712. Suppose 2*h - x - 1544 = 0. Is h prime?
True
Suppose -5*z - 46 = 4*m, -4*m = 3*z - z + 28. Let u(o) = o**2 + 7*o + 10. Let p be u(z). Suppose -4*s + 1184 = p*q - 0*s, 2*s = -3*q + 885. Is q composite?
False
Let a(s) = 20*s**3 + 8*s**2 + 3*s + 1. Let k be a(-5). Let b = k - -3561. Is b prime?
False
Is 5/(-7) + 153080148/182 prime?
False
Let v(s) = 1256*s**3 - 6*s**2 + 14*s + 33. Is v(8) composite?
False
Let o(p) = p - 1. Let r be o(-5). Let s be -1 + 0 + 427 + r + 2. Let a = s + -217. Is a a prime number?
False
Suppose 15 = -2*k + 57. Suppose -3203 = 20*v - k*v. Is v prime?
True
Let b be (-2)/(44/(-8) - -5). Suppose -2*w = 8, b*d + 3*w - w = -16. Is 2/(-1) + d/(6/(-1605)) composite?
True
Let u(k) = -k**2 + 6*k + 16. Let j be u(8). Suppose j = 5*g - 0*g - 2915. Is g a composite number?
True
Suppose 5*l - 1395 = 8*l. Let y be (-3303)/(-15) + -12 + 2/(-10). Let t = y - l. Is t a prime number?
True
Let g(x) = -x**2 + 995. Suppose 5*k + 0*k = -15. Let z be -1 + 1 + (-3 - k). Is g(z) a composite number?
True
Let x(n) = -18*n**3 - 57*n**2 + 31*n - 10. Let l be x(-6). Let o(p) = -3228*p + 1. Let j be o(-1). Let z = j - l. Is z a prime number?
False
Let q(